 + 2*a + 35 = y*w, 4*a = -w + 23. Calculate the greatest common divisor of 77 and w.
11
Suppose -8099 = -23*n + 36*n. Let m = -610 - n. Suppose -5*q - 176 = -7*q + 3*v, -8 = -4*v. What is the highest common divisor of m and q?
13
Suppose -3*k + 369 = -984. What is the highest common divisor of k and 369?
41
Suppose 4*c = 3*z + 226, -103*z + 99*z = 24. What is the highest common factor of 351 and c?
13
Suppose 0 = 5*o + 498*j - 503*j - 175, -5*o + 189 = -3*j. Suppose 3*q + 2*d - 57 = 5*d, q - 5*d = 39. Calculate the greatest common divisor of o and q.
14
Let y = 146 + -516. Let n be (1620 - 0)*(-296)/y. Calculate the highest common divisor of 81 and n.
81
Let i(d) be the third derivative of 5*d**4/12 + d**3/3 + 6*d**2. Let q be i(3). Let c = -77 + 81. What is the highest common factor of q and c?
4
Let x(w) = 3*w**2 + 155*w - 929. Let v be x(-61). What is the greatest common divisor of 19 and v?
19
Suppose 5 = -o + 10. Suppose o*d + 3*l - 1047 = 0, 5*d + 0*l - 1045 = -5*l. Suppose 6 = 6*g - d. What is the greatest common divisor of 18 and g?
18
Suppose 5 = -a - 6*j + 9*j, -4*a + 25 = 3*j. Suppose 32*s - 20*s = 816. What is the highest common factor of s and a?
4
Let m be ((-306)/12)/((-4)/248). Let c = m + -992. Calculate the greatest common factor of c and 31.
31
Let a(g) = 5*g - 111. Let i be a(23). Suppose 3*u - 5*h - 525 = 0, 0 = i*u - 3*h + 2*h - 717. Calculate the highest common factor of u and 45.
45
Let y be 1314 + -11 - (0 - 8). What is the highest common divisor of 38 and y?
19
Let o(z) = -3*z**3 + 15*z**2 - 8*z - 2. Let a be o(4). Let r = -1664 + 2644. Calculate the greatest common factor of a and r.
14
Suppose 0*t - 2*t - 50 = 0. Let b(m) = -161*m + 1122. Let n be b(7). Let j be 36/((-15)/(-18)*n/t). Calculate the highest common divisor of j and 36.
36
Suppose -72*d + 245 = -79*d. Let j be 750/9*(-126)/d. What is the highest common divisor of 20 and j?
20
Let a be 126/(-15)*380/57. Suppose -g = 5 + 29. Let z = g - a. What is the greatest common factor of 198 and z?
22
Suppose u - 3*d + 24 = 0, -4*u + d - 4 = 59. Suppose 139*h + 60 = 144*h. Let a = h - u. Calculate the greatest common divisor of 18 and a.
9
Let d(f) = 4*f**2 + 5*f - 1. Let u be d(-2). Suppose -5*i + 70 = 5*l, -3*l + 15 = -5*i + u. Calculate the highest common factor of 60 and l.
10
Let z(k) = 9*k**2 - 17*k - 18. Let f be z(3). What is the highest common divisor of f and 146?
2
Suppose 6*c - 12 = 6. Let i be -675*(0 - 1/c). Calculate the highest common divisor of 45 and i.
45
Let v = 189 - 189. Let w be (152 + v + 0)*3/6. Calculate the greatest common divisor of 8 and w.
4
Let i = 640 + -196. Let w be -2*(-3 + i/(-8)). Let k = w - 102. Calculate the greatest common factor of 25 and k.
5
Let y be -10 + 39 + -1 + -1. Let f = 6 + -3. Let n be ((-5)/(5/f))/(-1). What is the highest common factor of n and y?
3
Let z(u) = u**2 - 6*u - 12. Let l be z(9). Let d be (-9)/3 + 781/44 + 1/4. What is the greatest common divisor of d and l?
15
Let s(i) = -47*i**3 + i**2 - 17*i - 89. Let d be s(-3). What is the highest common divisor of d and 24?
8
Let o be ((-4)/(-3 + -1))/((-1)/(-636)). Suppose -12*k = -8*k - 5*j - 596, 5*j = -4*k + o. What is the highest common factor of 14 and k?
14
Let m = -1826 - -1876. What is the highest common divisor of 30 and m?
10
Let p = 8152 - 8116. What is the greatest common divisor of p and 5328?
36
Let w(c) = 2*c + 12. Let g be w(8). Let m(k) = 138*k**2 + 8*k + 10. Let p be m(-1). Calculate the highest common divisor of g and p.
28
Suppose -6*o + 1005 = 3*v, 3*o - 21*v = -18*v + 525. What is the greatest common factor of o and 2465?
85
Let m be 18 + -8*(-15230)/20. What is the highest common factor of 91 and m?
13
Let f = 6577 - 3769. What is the highest common factor of f and 288?
72
Suppose -15*m = 67 - 97. Suppose -2*q + 615 = 2*s + 143, -5*q = m*s - 1186. What is the highest common factor of q and 102?
34
Suppose 43*h = 39*h - 5*k + 7374, -5502 = -3*h + k. What is the highest common factor of 108 and h?
108
Let s(x) = 220*x - 1285. Let d be s(6). Calculate the greatest common divisor of d and 405.
5
Let l(v) = 7 + 0 + 7*v**2 - 3*v - 2 - 5*v + v**3. Let o be l(-8). Suppose -o*n = -r + 32, n + 7 = -2*r + 16. What is the highest common factor of 28 and r?
7
Suppose -2*h + 4008 = -2*t, 3*h + 2*t = 8*h - 10008. Calculate the highest common divisor of 80 and h.
80
Suppose 2*z = -2*z + 132. Suppose -3*r + 14 = 4*r. Suppose -12 = r*b - 34. Calculate the greatest common divisor of b and z.
11
Let w(u) = 6*u + 6. Let o be w(11). Suppose o = -9*b + 12*b. Let q be (36 - 0)*(-8)/(-24). What is the highest common divisor of q and b?
12
Let s(p) = 64*p + 14. Let i be s(4). Let x be (1 + 1*-4)*5125/123. Let t = i + x. Calculate the greatest common divisor of t and 58.
29
Let o be (15 + -26 - -13)/2. Calculate the greatest common divisor of o and 353.
1
Suppose 5*r + 86*t - 87*t - 42 = 0, 2*t = 5*r - 44. Calculate the highest common divisor of 872 and r.
8
Suppose 28*k + 16966 + 35982 = 0. Let j = 3282 + k. What is the highest common factor of j and 107?
107
Let k = -1826 + 1852. What is the greatest common divisor of k and 650?
26
Suppose 4*l - 332 = 2*b, -b - 328 = b - 2*l. Let k = b - -234. Calculate the highest common divisor of k and 96.
24
Let d(s) = 39*s**2 - 382*s - 28. Let z be d(14). What is the greatest common divisor of 180 and z?
36
Let w be 1914/(-348)*(-1278)/11. What is the greatest common divisor of w and 1846?
71
Let t(b) = -8*b**3 - 37*b**2 - 66*b - 4. Let g be t(-2). Let j(w) = w**2 - 5. Let d be j(7). What is the greatest common factor of d and g?
44
Let j(p) = -p**3 + 7*p**2 + 18*p + 45. Let h be j(10). Let k be 10/h*3 + (-514)/(-10). Calculate the highest common factor of 153 and k.
51
Let x(s) = s - 13. Let a be x(11). Let u = 51 - a. Let t = u + -43. Calculate the highest common divisor of t and 2.
2
Suppose -3*c - 6927 = -5*b, -4*b + 5539 = 89*c - 94*c. What is the greatest common factor of 90 and b?
18
Let j(v) = -v**3 - 5*v**2 + 8*v + 2. Let t be j(-7). Let o = 75 - t. Suppose 3*z - o = 2. What is the greatest common divisor of 44 and z?
11
Let z be 1 - ((4 - 3) + -2). Suppose 0 = z*u + 4*t - 24, -6*u + 4*u + 2*t = -30. Calculate the highest common factor of u and 1918.
14
Let x = 963 + -838. Let u(n) = -n + 50. Let k be u(0). Calculate the greatest common factor of x and k.
25
Suppose 0 = 91*z - 90*z - 4. Suppose z*r = 3*r. Suppose r = -5*b + 4*i + 674, 4*b + 164 = -2*i + 724. What is the highest common divisor of 6 and b?
6
Suppose 6*j + 4*j = 0. Suppose 5*x - 810 = 4*t, 2*t + j*t + 156 = x. Calculate the highest common divisor of x and 83.
83
Suppose 0 = -306*i + 275*i + 682. Calculate the greatest common factor of i and 7183.
11
Let b(t) = 100*t + 1440. Let c be b(-14). What is the highest common factor of 7000 and c?
40
Suppose 948*n + 805 = 955*n. What is the greatest common divisor of 2760 and n?
115
Let o be 137 + ((-28)/(-6))/(70/(-105)). Calculate the greatest common divisor of 27430 and o.
130
Suppose 3*t - 11*t - 40 = 0. Let y be ((-17)/3 - t)/(1/(-3)). What is the greatest common divisor of 2 and y?
2
Suppose -c + 6*a + 6544 = 0, 209*a = 5*c + 205*a - 32902. What is the highest common factor of c and 1424?
178
Let t = -106 + 331. Let p = 2199 - 2109. Calculate the greatest common factor of t and p.
45
Suppose 4*t - 92*j + 87*j - 324 = 0, -5*t + 2*j = -371. Calculate the highest common factor of t and 10437.
71
Let w = -30 + -26. Let y be (w/12 + -4)*(-291)/2. What is the greatest common divisor of y and 13?
13
Let p = -21447 + 22091. Calculate the greatest common divisor of p and 4669.
161
Let c be (-17)/(96/(-144)*6/44). What is the highest common divisor of c and 289?
17
Suppose -5*b = -a - 3, 3*b + 42 = -5*a + 111. Let v be (1/2)/(2/a). Let l be (-1 - 150/40)/(1/(-12)). What is the highest common divisor of l and v?
3
Let q(w) = -w**3 - 96*w**2 - 44*w + 437. Let k be q(-96). Calculate the greatest common divisor of 177 and k.
59
Suppose 30*c - 559 = 881. Suppose 263*z = 257*z + c. Let a be 1/3 - (-10)/6. Calculate the greatest common factor of a and z.
2
Suppose 448*y = 1013 + 2571. What is the greatest common factor of y and 29704?
8
Let f = -28 - -252. Let k be ((-22)/4)/((-7)/f). Calculate the highest common fa